{"id":677,"date":"2025-09-24T07:51:08","date_gmt":"2025-09-24T07:51:08","guid":{"rendered":"https:\/\/dots-interactive.com\/desarrollo\/nasca\/?post_type=product&#038;p=677"},"modified":"2025-09-24T07:53:50","modified_gmt":"2025-09-24T07:53:50","slug":"1550ems-protector-maleta-para-emergencias","status":"publish","type":"product","link":"https:\/\/gruponasca.com.pe\/index.php\/producto\/1550ems-protector-maleta-para-emergencias\/","title":{"rendered":"1550EMS Protector Maleta Para Emergencias"},"content":{"rendered":"<div class=\"col-lg-4 col-md-10 col-lg-offset-0\">\n<p><strong>Pelican\u2122 Protector Case\u2122 Maleta Para Emergencias<\/strong><\/p>\n<p>Desde 1976, las maletas Peli\u00ae Protector son la respuesta a las necesidades de protecci\u00f3n de los equipos m\u00e1s delicados. Estas maletas cuentan con un dise\u00f1o resistente y se pueden utilizar en los entornos m\u00e1s adversos del planeta. Las maletas Peli siempre sobreviven, tanto en el fr\u00edo extremo del \u00c1rtico como en el fragor de cualquier conflicto b\u00e9lico.<\/p>\n<p>Estas resistentes maletas fabricadas en EE. UU. est\u00e1n dise\u00f1adas con una v\u00e1lvula de purga autom\u00e1tica que iguala la presi\u00f3n del aire, una tapa con anillo de sellado estanco de silicona, asas de goma ergon\u00f3micas y componentes met\u00e1licos de acero inoxidable.<\/p>\n<\/div>\n<div class=\"col-lg-8 col-xs-12\">\n<ul id=\"pdp-bullets\" class=\"pl-20\">\n<li>Maleta 1550 EMS: creada para los equipos m\u00e9dicos<\/li>\n<li>Organizados de tapa con varias capas y numerosos bolsillos: encuentre todo de forma r\u00e1pida<\/li>\n<li>Divisores acolchados con compartimentos ajustables a cualquier tama\u00f1o<\/li>\n<li>Organizador de tapa transparente y con cierres de Velcro &#8211; mantiene los instrumentos en su sition durante el transporte<\/li>\n<li>Indestructible, estanca al agua y al polvo<\/li>\n<li>Protectores de candado de acero inoxidable<\/li>\n<li>V\u00e1lvula autom\u00e1tica de compensaci\u00f3n de la presi\u00f3n (mantiene el interior a salvo del agua y equilibra la presi\u00f3n del aire)<\/li>\n<li>CONTENIDO NO INCLUIDO<\/li>\n<li>Garant\u00eda de excelencia de por vida<\/li>\n<\/ul>\n<h5>Especificaciones T\u00e9cnicas<\/h5>\n<ul>\n<li><strong>Serie:<\/strong> Pelican\u2122 Protector Case<\/li>\n<li><strong>Modelo:<\/strong> 1550EMS Maleta para Emergencias<\/li>\n<li><strong>Caracter\u00edsticas:<\/strong> Organizador de tapa con m\u00faltiples capas y bolsillos; divisores acolchados con compartimentos ajustables; organizador transparente con cierres de Velcro; indestructible, estanca al agua y al polvo; protectores de candado de acero inoxidable; v\u00e1lvula autom\u00e1tica de compensaci\u00f3n de la presi\u00f3n<\/li>\n<li><strong>Nota:<\/strong> Contenido no incluido<\/li>\n<li><strong>Certificaci\u00f3n:<\/strong> Garant\u00eda de excelencia de por vida<\/li>\n<li><strong>Dimensiones interiores:<\/strong> 46.8 x 35.6 x 19.4 cm<\/li>\n<li><strong>Dimensiones exteriores:<\/strong> 52.4 x 42.8 x 20.6 cm<\/li>\n<li><strong>Profundidad tapa:<\/strong> 4.4 cm<\/li>\n<li><strong>Profundidad base:<\/strong> 14.9 cm<\/li>\n<li><strong>Profundidad total:<\/strong> 19.4 cm<\/li>\n<li><strong>Volumen interior:<\/strong> 0.032 m\u00b3<\/li>\n<li><strong>Di\u00e1metro orificio candado:<\/strong> 8 mm<\/li>\n<li><strong>Peso con espuma:<\/strong> 6.8 kg<\/li>\n<li><strong>Flotabilidad:<\/strong> 31.7 kg<\/li>\n<li><strong>Materiales:<\/strong> Cuerpo de polipropileno, cierre ABS, anillo de sellado de pol\u00edmero, pasadores de acero inoxidable, espuma de poliuretano, v\u00e1lvula de compensaci\u00f3n ABS con respiradero hidrof\u00f3bico de 3 micras<\/li>\n<li><strong>Temperatura m\u00ednima:<\/strong> -40 \u00b0C (-40 \u00b0F)<\/li>\n<li><strong>Temperatura m\u00e1xima:<\/strong> 88 \u00b0C (190 \u00b0F)<\/li>\n<li><strong>Certificaciones:<\/strong> IP67, MIL C-4150J, Def Stan 81-41, ATA 300<\/li>\n<li><strong>Color:<\/strong> Negro<\/li>\n<li><strong>Fabricaci\u00f3n:<\/strong> Hecha en EE. UU.<\/li>\n<\/ul>\n<\/div>\n","protected":false},"excerpt":{"rendered":"<p data-start=\"176\" data-end=\"347\">Maleta Pelican\u2122 Protector 1550EMS para emergencias m\u00e9dicas. Resistente, estanca al agua y al polvo, con organizador de tapa y divisores acolchados. Garant\u00eda de por vida.<\/p>\n","protected":false},"featured_media":678,"template":"","meta":{"site-sidebar-layout":"default","site-content-layout":"","ast-site-content-layout":"default","site-content-style":"default","site-sidebar-style":"default","ast-global-header-display":"","ast-banner-title-visibility":"","ast-main-header-display":"","ast-hfb-above-header-display":"","ast-hfb-below-header-display":"","ast-hfb-mobile-header-display":"","site-post-title":"","ast-breadcrumbs-content":"","ast-featured-img":"","footer-sml-layout":"","ast-disable-related-posts":"","theme-transparent-header-meta":"default","adv-header-id-meta":"","stick-header-meta":"","header-above-stick-meta":"","header-main-stick-meta":"","header-below-stick-meta":"","astra-migrate-meta-layouts":"set","ast-page-background-enabled":"default","ast-page-background-meta":{"desktop":{"background-color":"var(--ast-global-color-5)","background-image":"","background-repeat":"repeat","background-position":"center center","background-size":"auto","background-attachment":"scroll","background-type":"","background-media":"","overlay-type":"","overlay-color":"","overlay-opacity":"","overlay-gradient":""},"tablet":{"background-color":"","background-image":"","background-repeat":"repeat","background-position":"center center","background-size":"auto","background-attachment":"scroll","background-type":"","background-media":"","overlay-type":"","overlay-color":"","overlay-opacity":"","overlay-gradient":""},"mobile":{"background-color":"","background-image":"","background-repeat":"repeat","background-position":"center center","background-size":"auto","background-attachment":"scroll","background-type":"","background-media":"","overlay-type":"","overlay-color":"","overlay-opacity":"","overlay-gradient":""}},"ast-content-background-meta":{"desktop":{"background-color":"var(--ast-global-color-4)","background-image":"","background-repeat":"repeat","background-position":"center center","background-size":"auto","background-attachment":"scroll","background-type":"","background-media":"","overlay-type":"","overlay-color":"","overlay-opacity":"","overlay-gradient":""},"tablet":{"background-color":"var(--ast-global-color-4)","background-image":"","background-repeat":"repeat","background-position":"center center","background-size":"auto","background-attachment":"scroll","background-type":"","background-media":"","overlay-type":"","overlay-color":"","overlay-opacity":"","overlay-gradient":""},"mobile":{"background-color":"var(--ast-global-color-4)","background-image":"","background-repeat":"repeat","background-position":"center center","background-size":"auto","background-attachment":"scroll","background-type":"","background-media":"","overlay-type":"","overlay-color":"","overlay-opacity":"","overlay-gradient":""}}},"product_brand":[],"product_cat":[19,330],"product_tag":[351,353,348,350,352,354,355,349],"class_list":{"0":"post-677","1":"product","2":"type-product","3":"status-publish","4":"has-post-thumbnail","6":"product_cat-iluminacion-y-proteccion-de-equipos","7":"product_cat-maleta-proteccion-de-emergencias","8":"product_tag-maleta-de-emergencias-pelican","9":"product_tag-maleta-ip67-ems","10":"product_tag-maleta-medica-resistente","11":"product_tag-maletin-medico-estanco","12":"product_tag-maletin-medico-profesional","13":"product_tag-maletin-organizador-medico","14":"product_tag-pelican-1550ems","15":"product_tag-protector-case-ems","16":"desktop-align-center","17":"tablet-align-left","18":"mobile-align-left","20":"first","21":"instock","22":"shipping-taxable","23":"product-type-simple"},"yoast_head":"<!-- This site is optimized with the Yoast SEO plugin v27.5 - https:\/\/yoast.com\/product\/yoast-seo-wordpress\/ -->\n<title>1550EMS Protector Maleta Para Emergencias - Grupo Nasca<\/title>\n<meta name=\"description\" content=\"Maleta Pelican\u2122 Protector 1550EMS para emergencias m\u00e9dicas. Estanca al agua y polvo, con organizador de tapa y divisores acolchados ajustables.\" \/>\n<meta name=\"robots\" content=\"index, follow, max-snippet:-1, max-image-preview:large, max-video-preview:-1\" \/>\n<link rel=\"canonical\" href=\"https:\/\/gruponasca.com.pe\/index.php\/producto\/1550ems-protector-maleta-para-emergencias\/\" \/>\n<meta property=\"og:locale\" content=\"es_ES\" \/>\n<meta property=\"og:type\" content=\"article\" \/>\n<meta property=\"og:title\" content=\"1550EMS Protector Maleta Para Emergencias - Grupo Nasca\" \/>\n<meta property=\"og:description\" content=\"Maleta Pelican\u2122 Protector 1550EMS para emergencias m\u00e9dicas. Estanca al agua y polvo, con organizador de tapa y divisores acolchados ajustables.\" \/>\n<meta property=\"og:url\" content=\"https:\/\/gruponasca.com.pe\/index.php\/producto\/1550ems-protector-maleta-para-emergencias\/\" \/>\n<meta property=\"og:site_name\" content=\"Grupo Nasca\" \/>\n<meta property=\"article:modified_time\" content=\"2025-09-24T07:53:50+00:00\" \/>\n<meta property=\"og:image\" content=\"https:\/\/gruponasca.com.pe\/wp-content\/uploads\/2025\/09\/1550EMS.jpg\" \/>\n\t<meta property=\"og:image:width\" content=\"500\" \/>\n\t<meta property=\"og:image:height\" content=\"500\" \/>\n\t<meta property=\"og:image:type\" content=\"image\/jpeg\" \/>\n<meta name=\"twitter:card\" content=\"summary_large_image\" \/>\n<meta name=\"twitter:label1\" content=\"Tiempo de lectura\" \/>\n\t<meta name=\"twitter:data1\" content=\"2 minutos\" \/>\n<script type=\"application\/ld+json\" class=\"yoast-schema-graph\">{\"@context\":\"https:\\\/\\\/schema.org\",\"@graph\":[{\"@type\":\"WebPage\",\"@id\":\"https:\\\/\\\/gruponasca.com.pe\\\/index.php\\\/producto\\\/1550ems-protector-maleta-para-emergencias\\\/\",\"url\":\"https:\\\/\\\/gruponasca.com.pe\\\/index.php\\\/producto\\\/1550ems-protector-maleta-para-emergencias\\\/\",\"name\":\"1550EMS Protector Maleta Para Emergencias - Grupo Nasca\",\"isPartOf\":{\"@id\":\"https:\\\/\\\/gruponasca.com.pe\\\/#website\"},\"primaryImageOfPage\":{\"@id\":\"https:\\\/\\\/gruponasca.com.pe\\\/index.php\\\/producto\\\/1550ems-protector-maleta-para-emergencias\\\/#primaryimage\"},\"image\":{\"@id\":\"https:\\\/\\\/gruponasca.com.pe\\\/index.php\\\/producto\\\/1550ems-protector-maleta-para-emergencias\\\/#primaryimage\"},\"thumbnailUrl\":\"https:\\\/\\\/gruponasca.com.pe\\\/wp-content\\\/uploads\\\/2025\\\/09\\\/1550EMS.jpg\",\"datePublished\":\"2025-09-24T07:51:08+00:00\",\"dateModified\":\"2025-09-24T07:53:50+00:00\",\"description\":\"Maleta Pelican\u2122 Protector 1550EMS para emergencias m\u00e9dicas. Estanca al agua y polvo, con organizador de tapa y divisores acolchados ajustables.\",\"breadcrumb\":{\"@id\":\"https:\\\/\\\/gruponasca.com.pe\\\/index.php\\\/producto\\\/1550ems-protector-maleta-para-emergencias\\\/#breadcrumb\"},\"inLanguage\":\"es\",\"potentialAction\":[{\"@type\":\"ReadAction\",\"target\":[\"https:\\\/\\\/gruponasca.com.pe\\\/index.php\\\/producto\\\/1550ems-protector-maleta-para-emergencias\\\/\"]}]},{\"@type\":\"ImageObject\",\"inLanguage\":\"es\",\"@id\":\"https:\\\/\\\/gruponasca.com.pe\\\/index.php\\\/producto\\\/1550ems-protector-maleta-para-emergencias\\\/#primaryimage\",\"url\":\"https:\\\/\\\/gruponasca.com.pe\\\/wp-content\\\/uploads\\\/2025\\\/09\\\/1550EMS.jpg\",\"contentUrl\":\"https:\\\/\\\/gruponasca.com.pe\\\/wp-content\\\/uploads\\\/2025\\\/09\\\/1550EMS.jpg\",\"width\":500,\"height\":500},{\"@type\":\"BreadcrumbList\",\"@id\":\"https:\\\/\\\/gruponasca.com.pe\\\/index.php\\\/producto\\\/1550ems-protector-maleta-para-emergencias\\\/#breadcrumb\",\"itemListElement\":[{\"@type\":\"ListItem\",\"position\":1,\"name\":\"Portada\",\"item\":\"https:\\\/\\\/gruponasca.com.pe\\\/\"},{\"@type\":\"ListItem\",\"position\":2,\"name\":\"Productos\",\"item\":\"https:\\\/\\\/gruponasca.com.pe\\\/index.php\\\/productos\\\/\"},{\"@type\":\"ListItem\",\"position\":3,\"name\":\"1550EMS Protector Maleta Para Emergencias\"}]},{\"@type\":\"WebSite\",\"@id\":\"https:\\\/\\\/gruponasca.com.pe\\\/#website\",\"url\":\"https:\\\/\\\/gruponasca.com.pe\\\/\",\"name\":\"Grupo Nasca SAC\",\"description\":\"Seguridad Industrial y Herramientas de Calidad\",\"publisher\":{\"@id\":\"https:\\\/\\\/gruponasca.com.pe\\\/#organization\"},\"potentialAction\":[{\"@type\":\"SearchAction\",\"target\":{\"@type\":\"EntryPoint\",\"urlTemplate\":\"https:\\\/\\\/gruponasca.com.pe\\\/?s={search_term_string}\"},\"query-input\":{\"@type\":\"PropertyValueSpecification\",\"valueRequired\":true,\"valueName\":\"search_term_string\"}}],\"inLanguage\":\"es\"},{\"@type\":\"Organization\",\"@id\":\"https:\\\/\\\/gruponasca.com.pe\\\/#organization\",\"name\":\"Grupo Nasca SAC\",\"url\":\"https:\\\/\\\/gruponasca.com.pe\\\/\",\"logo\":{\"@type\":\"ImageObject\",\"inLanguage\":\"es\",\"@id\":\"https:\\\/\\\/gruponasca.com.pe\\\/#\\\/schema\\\/logo\\\/image\\\/\",\"url\":\"https:\\\/\\\/gruponasca.com.pe\\\/wp-content\\\/uploads\\\/2025\\\/09\\\/cropped-icono_conasac-scaled-1.jpg\",\"contentUrl\":\"https:\\\/\\\/gruponasca.com.pe\\\/wp-content\\\/uploads\\\/2025\\\/09\\\/cropped-icono_conasac-scaled-1.jpg\",\"width\":512,\"height\":512,\"caption\":\"Grupo Nasca SAC\"},\"image\":{\"@id\":\"https:\\\/\\\/gruponasca.com.pe\\\/#\\\/schema\\\/logo\\\/image\\\/\"}}]}<\/script>\n<!-- \/ Yoast SEO plugin. -->","yoast_head_json":{"title":"1550EMS Protector Maleta Para Emergencias - Grupo Nasca","description":"Maleta Pelican\u2122 Protector 1550EMS para emergencias m\u00e9dicas. Estanca al agua y polvo, con organizador de tapa y divisores acolchados ajustables.","robots":{"index":"index","follow":"follow","max-snippet":"max-snippet:-1","max-image-preview":"max-image-preview:large","max-video-preview":"max-video-preview:-1"},"canonical":"https:\/\/gruponasca.com.pe\/index.php\/producto\/1550ems-protector-maleta-para-emergencias\/","og_locale":"es_ES","og_type":"article","og_title":"1550EMS Protector Maleta Para Emergencias - Grupo Nasca","og_description":"Maleta Pelican\u2122 Protector 1550EMS para emergencias m\u00e9dicas. Estanca al agua y polvo, con organizador de tapa y divisores acolchados ajustables.","og_url":"https:\/\/gruponasca.com.pe\/index.php\/producto\/1550ems-protector-maleta-para-emergencias\/","og_site_name":"Grupo Nasca","article_modified_time":"2025-09-24T07:53:50+00:00","og_image":[{"width":500,"height":500,"url":"https:\/\/gruponasca.com.pe\/wp-content\/uploads\/2025\/09\/1550EMS.jpg","type":"image\/jpeg"}],"twitter_card":"summary_large_image","twitter_misc":{"Tiempo de lectura":"2 minutos"},"schema":{"@context":"https:\/\/schema.org","@graph":[{"@type":"WebPage","@id":"https:\/\/gruponasca.com.pe\/index.php\/producto\/1550ems-protector-maleta-para-emergencias\/","url":"https:\/\/gruponasca.com.pe\/index.php\/producto\/1550ems-protector-maleta-para-emergencias\/","name":"1550EMS Protector Maleta Para Emergencias - Grupo Nasca","isPartOf":{"@id":"https:\/\/gruponasca.com.pe\/#website"},"primaryImageOfPage":{"@id":"https:\/\/gruponasca.com.pe\/index.php\/producto\/1550ems-protector-maleta-para-emergencias\/#primaryimage"},"image":{"@id":"https:\/\/gruponasca.com.pe\/index.php\/producto\/1550ems-protector-maleta-para-emergencias\/#primaryimage"},"thumbnailUrl":"https:\/\/gruponasca.com.pe\/wp-content\/uploads\/2025\/09\/1550EMS.jpg","datePublished":"2025-09-24T07:51:08+00:00","dateModified":"2025-09-24T07:53:50+00:00","description":"Maleta Pelican\u2122 Protector 1550EMS para emergencias m\u00e9dicas. Estanca al agua y polvo, con organizador de tapa y divisores acolchados ajustables.","breadcrumb":{"@id":"https:\/\/gruponasca.com.pe\/index.php\/producto\/1550ems-protector-maleta-para-emergencias\/#breadcrumb"},"inLanguage":"es","potentialAction":[{"@type":"ReadAction","target":["https:\/\/gruponasca.com.pe\/index.php\/producto\/1550ems-protector-maleta-para-emergencias\/"]}]},{"@type":"ImageObject","inLanguage":"es","@id":"https:\/\/gruponasca.com.pe\/index.php\/producto\/1550ems-protector-maleta-para-emergencias\/#primaryimage","url":"https:\/\/gruponasca.com.pe\/wp-content\/uploads\/2025\/09\/1550EMS.jpg","contentUrl":"https:\/\/gruponasca.com.pe\/wp-content\/uploads\/2025\/09\/1550EMS.jpg","width":500,"height":500},{"@type":"BreadcrumbList","@id":"https:\/\/gruponasca.com.pe\/index.php\/producto\/1550ems-protector-maleta-para-emergencias\/#breadcrumb","itemListElement":[{"@type":"ListItem","position":1,"name":"Portada","item":"https:\/\/gruponasca.com.pe\/"},{"@type":"ListItem","position":2,"name":"Productos","item":"https:\/\/gruponasca.com.pe\/index.php\/productos\/"},{"@type":"ListItem","position":3,"name":"1550EMS Protector Maleta Para Emergencias"}]},{"@type":"WebSite","@id":"https:\/\/gruponasca.com.pe\/#website","url":"https:\/\/gruponasca.com.pe\/","name":"Grupo Nasca SAC","description":"Seguridad Industrial y Herramientas de Calidad","publisher":{"@id":"https:\/\/gruponasca.com.pe\/#organization"},"potentialAction":[{"@type":"SearchAction","target":{"@type":"EntryPoint","urlTemplate":"https:\/\/gruponasca.com.pe\/?s={search_term_string}"},"query-input":{"@type":"PropertyValueSpecification","valueRequired":true,"valueName":"search_term_string"}}],"inLanguage":"es"},{"@type":"Organization","@id":"https:\/\/gruponasca.com.pe\/#organization","name":"Grupo Nasca SAC","url":"https:\/\/gruponasca.com.pe\/","logo":{"@type":"ImageObject","inLanguage":"es","@id":"https:\/\/gruponasca.com.pe\/#\/schema\/logo\/image\/","url":"https:\/\/gruponasca.com.pe\/wp-content\/uploads\/2025\/09\/cropped-icono_conasac-scaled-1.jpg","contentUrl":"https:\/\/gruponasca.com.pe\/wp-content\/uploads\/2025\/09\/cropped-icono_conasac-scaled-1.jpg","width":512,"height":512,"caption":"Grupo Nasca SAC"},"image":{"@id":"https:\/\/gruponasca.com.pe\/#\/schema\/logo\/image\/"}}]}},"_links":{"self":[{"href":"https:\/\/gruponasca.com.pe\/index.php\/wp-json\/wp\/v2\/product\/677","targetHints":{"allow":["GET"]}}],"collection":[{"href":"https:\/\/gruponasca.com.pe\/index.php\/wp-json\/wp\/v2\/product"}],"about":[{"href":"https:\/\/gruponasca.com.pe\/index.php\/wp-json\/wp\/v2\/types\/product"}],"wp:featuredmedia":[{"embeddable":true,"href":"https:\/\/gruponasca.com.pe\/index.php\/wp-json\/wp\/v2\/media\/678"}],"wp:attachment":[{"href":"https:\/\/gruponasca.com.pe\/index.php\/wp-json\/wp\/v2\/media?parent=677"}],"wp:term":[{"taxonomy":"product_brand","embeddable":true,"href":"https:\/\/gruponasca.com.pe\/index.php\/wp-json\/wp\/v2\/product_brand?post=677"},{"taxonomy":"product_cat","embeddable":true,"href":"https:\/\/gruponasca.com.pe\/index.php\/wp-json\/wp\/v2\/product_cat?post=677"},{"taxonomy":"product_tag","embeddable":true,"href":"https:\/\/gruponasca.com.pe\/index.php\/wp-json\/wp\/v2\/product_tag?post=677"}],"curies":[{"name":"wp","href":"https:\/\/api.w.org\/{rel}","templated":true}]}}